 + 49. Calculate the remainder when 37 is divided by h.
11
What is the remainder when 2/(-7)*1106/((-32)/16) is divided by 29?
13
Let z be 2 + 19 + 1 + 0. Let w = 29 - z. Calculate the remainder when (-4896)/(-63) + 2/w is divided by 27.
24
Let b = 144 + -126. What is the remainder when 48 is divided by b?
12
Suppose 0 = -16*n + 31*n - 1770. What is the remainder when n is divided by -2 - 2/(2/(-19))?
16
Suppose -4*v - c + 7 + 6 = 0, -4*v = -4*c + 12. Let j = -73 - -137. Suppose -2*x = v*f - j, -2*f - 7 + 80 = -x. Calculate the remainder when f is divided by 9.
8
Let g = 12 + 90. Let h = -65 + g. What is the remainder when h is divided by 15?
7
Suppose -x = 3*d + 2*d - 54, -28 = -4*d + 3*x. Let g be (8 - 4)*3/(-6). What is the remainder when 22 is divided by -5 + d + g/(-1)?
1
Suppose -2*c + 111 = -3*g - 5, 0 = c - 2*g - 56. What is the remainder when 188 is divided by c?
60
Let q = 1116 - 942. What is the remainder when q is divided by 5?
4
Let n be 36/14*(-42)/(-9). Suppose -16*u + 86 = 6. What is the remainder when 9 is divided by 10/4*n/u?
3
Suppose 3*a - 128 = 52. Suppose 37*h - 41*h + a = 0. Calculate the remainder when 237 is divided by h.
12
Suppose -3*z = -5*p - 822, -5*z + 1376 = -2*p + 6. Calculate the remainder when z is divided by 40.
34
Suppose 8*j - 96 = 2*j. Let z be (-2)/13 - 8/(-52). Let d = 6 + z. What is the remainder when j is divided by d?
4
Suppose -6*o = -4*o - 3*g - 16, -4*o + 4*g = -40. Suppose -3*y = -7 - o. Calculate the remainder when y is divided by (0 - 0) + 1*5.
2
Suppose -3*r + r = -4*f + 114, r - 5 = 0. Calculate the remainder when f is divided by (-34)/(((-16)/1)/8).
14
Suppose -646 = -3*i - 5*t + 3*t, -20 = 5*t. What is the remainder when i is divided by 4?
2
Let k(f) = 2*f**3 + 4*f**2 + 16*f - 85. What is the remainder when k(4) is divided by 37?
23
Let r = -21 + 33. Let w(h) = h**3 + h**2. Let s(u) = 3*u**3 + 2*u**2 - u - 35. Let z(m) = -s(m) + 2*w(m). Calculate the remainder when z(0) is divided by r.
11
Suppose 0 = 5*t + 16*t - 756. Calculate the remainder when 681 is divided by t.
33
Let x(f) = -2*f - 1 - 2 + 0. What is the remainder when x(-10) is divided by 4?
1
Let i be (-1 + 15)*(-4)/(-8). Let w = -2 + i. Suppose -w*s + 7*s - 130 = 0. Calculate the remainder when s is divided by 17.
14
Suppose 3 - 27 = -2*h. Let s(o) = -o**2 + 6*o - 3. Let f be s(4). Suppose -f - 29 = -q. Calculate the remainder when q is divided by h.
10
Calculate the remainder when 271 is divided by 1/(2*-1 - 2775/(-1375)).
51
Let s be (0 - 2)/(1/(-24)). Let x be 0*(3 - (-21)/(-6)). Suppose 3*w = -x*w + s. Calculate the remainder when 30 is divided by w.
14
Let j be (-6 + -1)*(-3)/(-3). Let q(w) = -5*w + 1 - 4 - 5. What is the remainder when 53 is divided by q(j)?
26
Let t(m) = m**2 - m + 33. Suppose 0*r - 8*r = -2*r. Calculate the remainder when 64 is divided by t(r).
31
What is the remainder when 5/20*673 + (-3)/(-4) is divided by 52?
13
Let w(h) = -7*h - 129. Suppose 0 = -5*i + 3*i + 4*g + 18, i - 6 = g. Suppose i = 4*l - 37. What is the remainder when w(-21) is divided by l?
8
Let l = -6 - -10. Let z(n) = n**3 + 25. Calculate the remainder when 4 + 294/3 - l is divided by z(0).
23
Suppose 0 = 4*j + 2*x - 206, -3*x + 93 = 3*j - j. Suppose -5*l = -2*o - 39, 2*o - j = -5*l - o. What is the remainder when 24 is divided by l?
6
Let v(m) = -m**2 + 34*m - 58. What is the remainder when 492 is divided by v(30)?
58
Let j = 4 + -6. Let v be ((-2)/(-2) - 5)/j. Suppose 114 = 5*a - a - 2*k, -63 = -v*a - k. What is the remainder when a is divided by 8?
6
Suppose -2*c = j, -2 = 3*c + j - 0. Calculate the remainder when 70 is divided by 18*(c + 4 + -1).
16
Let w = -16 + 35. Let a(x) be the first derivative of 2*x**3/3 + 7*x**2 - 15*x - 8. Calculate the remainder when a(-11) is divided by w.
16
Let z(j) = -j**3 - 4*j**2 + 7*j + 55. Let f(r) = -r**3 + 1. Let u be f(0). What is the remainder when z(-5) is divided by (4*u)/((-2)/(-12))?
21
Suppose 2*n + 2*n - 148 = -b, -5*n - 335 = -2*b. Suppose -110 = -5*d + b. Calculate the remainder when d is divided by 11.
10
Let y(l) = l - 1. Let d be y(-1). Let r = 35 + d. What is the remainder when 96 is divided by r?
30
Let t(s) = -4*s - 2. What is the remainder when t(-6) is divided by (-2)/(-10) - (252/49)/((-105)/98)?
2
Let r = -128 + 185. Calculate the remainder when r is divided by 15.
12
Let c = -45 + 47. Suppose 13 = -c*r + 75. Calculate the remainder when r is divided by 17.
14
Let q(r) = 3*r**2 + r + 6. Let f be q(6). Let u = 174 - f. Calculate the remainder when u is divided by 14.
12
Let z(g) = 6*g - 34. What is the remainder when 68 is divided by z(8)?
12
Let p be -5*29*(-6)/15. Let w be 603/5 - (-3)/(-5). Let a = w - p. Calculate the remainder when a is divided by 16.
14
Calculate the remainder when (14/105*354)/((-2)/(-25)) is divided by 99.
95
Suppose 11 + 7 = -2*v. Let y = v - -32. What is the remainder when 44 is divided by y?
21
Let j = 85 - 68. What is the remainder when 237 is divided by j?
16
Let y = 15 + -12. Suppose -y*r = 1 - 13. What is the remainder when 48 is divided by 102/r*(-10)/(-15)?
14
Let b(p) = p**3 + 8*p**2 + 4*p + 1. Let f be b(-5). Suppose 6*j + j = f. What is the remainder when 29 is divided by j?
5
Suppose 4*c - 4*f - 110 = 2*c, c - 109 = 8*f. Suppose -2*h - 5*d + 252 = -96, -4*h + 756 = -5*d. Calculate the remainder when h is divided by c.
36
Let z = 6 - -3. Let s be ((-18)/(-5))/(27/3690). What is the remainder when (-14)/(-35) - s/(-20) is divided by z?
7
Let b = 51 + -15. Let z = b + -33. Calculate the remainder when z is divided by 1.
0
Let g(h) = 6*h + 35. Calculate the remainder when g(4) is divided by 19.
2
Let x = 537 - 484. Calculate the remainder when 845 is divided by x.
50
Let o = 44 + -39. Suppose 8*c = o*c + 24. What is the remainder when 39 is divided by c?
7
Let o(l) = -l**2 - 9*l + 72. Let s(y) = -20*y - 2. What is the remainder when s(-5) is divided by o(-13)?
18
Suppose q = -26 - 30. Let z = q + 60. Calculate the remainder when 20 is divided by z.
0
Let m = 16 + -7. Suppose -2*l - 4 = -y - 19, 0 = 2*l - 4*y. Suppose -r + 24 = 4*h, 4*r + l*h - 74 = 5*h. What is the remainder when r is divided by m?
7
What is the remainder when 182 is divided by (2 - 11/5) + 246/30?
6
Suppose 2*x - 4 = 6. Suppose 6*b + 4 = -4*u + 2*b, 0 = -b - x. What is the remainder when 16 is divided by u?
0
Suppose -4*d - 3*r = -25, 4*r + 60 = 16*d - 12*d. Suppose -3*q = -367 - 104. What is the remainder when q is divided by d?
7
Suppose -4*a + 202 = -114. Calculate the remainder when a is divided by 12.
7
Let f(x) = 4*x - 4 + 1 - 16. Calculate the remainder when 13 is divided by f(6).
3
Suppose 0 = 5*p + 4*y - 518, p - 71 - 47 = 4*y. Calculate the remainder when 409 is divided by p.
91
Suppose 3*x = 3*c + 3, -2*x - x = -5*c + 1. Suppose -x*z + 64 + 65 = 0. Calculate the remainder when z is divided by 9.
7
Let c(q) = -15*q**3 - q**2 - 5*q - 4. Calculate the remainder when c(-2) is divided by 7.
3
Let d = -444 + 302. Calculate the remainder when (d/(-3))/(2/3) is divided by (468/(-65))/(3/(-10)).
23
Let s(h) = h**3 + 21*h**2 - 55*h - 50. Calculate the remainder when s(-23) is divided by 72.
13
Let t = 5 - 1. Let m(z) = -z**3 + 5*z**2 + z - 3. Suppose 206 = 4*x - 5*v, 5*x + 2*v + 3*v = 235. What is the remainder when x is divided by m(t)?
15
Suppose 15*c = 38*c - 6578. Suppose -5*j + 209 = i, -3*j + 166 = 4*i + 27. What is the remainder when c is divided by j?
40
Let q = 68 - 92. Calculate the remainder when ((-4)/q*-3)/(2/(-208)) is divided by 2.
0
Let h(m) = -m**2 - 5*m - 1. Let o(j) = -j**2 - 5*j - 1. Let f(g) = 4*h(g) - 5*o(g). Let n = 31 + -3. Calculate the remainder when n is divided by f(-7).
13
Suppose -32*l + 187 = -165. What is the remainder when 93 is divided by l?
5
Suppose 3*a = -18*a + 11067. What is the remainder when a is divided by 41?
35
Suppose 4*i + 0 = -20. Let u(d) = -7*d + 12. Let q(o) = 13*o - 23. Let n(t) = -6*q(t) - 11*u(t). Calculate the remainder when 32 is divided by n(i).
10
Let b(q) = 15*q + 7. Let s be b(8). Let n = -42 + s. Calculate the remainder when n is divided by 29.
27
Suppose 0 = -s + 6*s - x - 428, 0 = -4*s - 3*x + 350. Suppose 2573 = -139*v + 5631. What is the remainder when s is divided by v?
20
Suppose 9*a - 28 = -1. What is the re